v + 2*t. Calculate the highest common divisor of 39 and v.
13
Let p(g) be the second derivative of 25*g**3/3 - g. Let c be p(1). Suppose 0 = 5*s - 2*s - 60. Calculate the highest common factor of c and s.
10
Let p = 28 + -24. Suppose 2*b = -b + m + 17, 4*m = -p*b + 28. Let d be (0 - -1 - -2) + 0. What is the highest common factor of b and d?
3
Suppose 0 = 4*l + l + 245. Let v = l + 91. Suppose -140 = 3*o - 8*o. Calculate the highest common divisor of v and o.
14
Suppose 3*b - 8*b = 40. Let m be (-3)/(-12) + (-126)/b. What is the highest common divisor of m and 144?
16
Let r(z) = 3*z - 3*z - 4 + z - 4. Let h be r(15). What is the greatest common factor of 1 and h?
1
Suppose -2*y = -m - 29, -3*y = -6*y + 9. Let t = m - -34. Calculate the greatest common divisor of 121 and t.
11
Let p = -15 + 11. Let h be 4/(3/p + 1). Let t(l) = 39*l + 1. Let q be t(1). Calculate the greatest common factor of h and q.
8
Suppose -w = 0, 4*j - 3*w = 8*j - 1404. What is the greatest common divisor of j and 27?
27
Suppose 5*s + 118 = 3*h - h, 4*s = -2*h + 136. Let q = 31 + -15. What is the highest common factor of h and q?
16
Let l be (-98)/35 - 2/10. Let y(a) = -3*a**3 - 3*a**2 + 4*a. Let f be y(l). What is the highest common divisor of 14 and f?
14
Suppose 4*p + 185 = 569. What is the highest common factor of 12 and p?
12
Let i = 10 - 1. Let u be 465 - (-1)/(3/6). Suppose -u = -5*o - 107. What is the greatest common divisor of i and o?
9
Let m = 13 - 4. Suppose -m = x - 4*x. Suppose 3*n - 36 = 27. What is the greatest common factor of x and n?
3
Let i be (-56)/(-3) - 2/3. Let w = -26 - -68. Let y be w + 1 - (-2 + 0). Calculate the greatest common divisor of i and y.
9
Let h(q) = 8*q**2 - 4*q - 2. Let p be h(2). Suppose 0 = 4*o - 0*t + 2*t - p, -o + 33 = -5*t. Calculate the greatest common divisor of 32 and o.
8
Let d = 9 + -6. Suppose d*r + 12 = 5*r. What is the greatest common factor of r and 42?
6
Let r = 240 - 145. Let g(n) = -n**2 - 10*n + 3. Let u be g(-8). Calculate the highest common divisor of u and r.
19
Suppose 6*g + 2*x - 54 = 2*g, g = -3*x + 16. What is the greatest common factor of g and 104?
13
Suppose 5*q + h - 123 = 0, 5*q - 2*h - 42 = 3*q. Calculate the highest common divisor of 6 and q.
6
Let k = 2 - -3. Suppose k*d = 12 - 2. Let t = d + 23. What is the greatest common factor of t and 5?
5
Let k be 1*3/3*14. Let r(l) = l**2 + 2*l - 10. Let n be r(8). Suppose 2*m + n = 7*m. What is the highest common divisor of m and k?
14
Suppose y - 2 = -2*j + 5*y, 0 = 5*y. Let f = 55 - 48. Calculate the greatest common divisor of f and j.
1
Let c = -88 - -169. What is the highest common divisor of 9 and c?
9
Suppose -4*j = 37 - 117. Calculate the greatest common divisor of j and 180.
20
Suppose 2*l - 13 = i, 0 = -3*l + i + 28 - 9. Suppose 0*a + 510 = l*a. What is the highest common factor of a and 17?
17
Suppose 4*i = -4*s - 43 + 131, 37 = s + 4*i. Let a be (-747)/(-4) + 2/8. Calculate the greatest common factor of s and a.
17
Suppose 0 = -3*t + 3*d + d - 56, -2*d = -5*t - 84. Let k = t - -28. Let r(u) = 17*u - 4. Let w be r(8). What is the greatest common divisor of k and w?
12
Suppose -1000 = 6*n - 14*n. What is the greatest common factor of 25 and n?
25
Suppose 5*i + 13 = 43. Let b be 3 + 2/(-1 - 1). What is the greatest common divisor of b and i?
2
Suppose 0 = -2*j - j - 5*p - 5, 0 = -3*j - p - 13. Let o = 4 + j. Let v be -1 + 1 + o + 5. Calculate the greatest common divisor of 1 and v.
1
Suppose 0 = 2*a - 21 - 5. Calculate the highest common factor of a and 1.
1
Let v = 86 - 50. What is the highest common factor of 288 and v?
36
Suppose 1976 - 326 = 15*c. Calculate the highest common divisor of c and 22.
22
Suppose 5*n - 560 = -0*n. Calculate the greatest common divisor of n and 14.
14
Let u = 756 - 488. Suppose g + 37 = -5*s + u, -4*g + 924 = 2*s. What is the greatest common divisor of g and 21?
21
Let b(x) = 25*x - 10. Let w be b(7). What is the greatest common divisor of w and 66?
33
Let j(i) = 266*i**2 - 1. Let h be j(-1). Suppose -3*l - h = -8*l. Suppose 0 = 2*g + 21 - l. What is the highest common factor of g and 80?
16
Let c(k) = 12*k**2 - k. Let h be c(1). Calculate the highest common factor of 44 and h.
11
Suppose 3*i - b = 121, 5*i - 201 = -2*b + 3*b. Suppose 4*w - q = 40, 7 = -w - 3*q + 17. Calculate the greatest common factor of w and i.
10
Let d be (4294/57)/(4/18). Let r = -179 + d. What is the greatest common factor of 64 and r?
32
Let i be -2*(-9)/((-27)/(-60)). Calculate the greatest common factor of 10 and i.
10
Let c = 0 + 1. Let f be (-3)/(-4) - ((-11)/(-4) - 3). What is the highest common factor of f and c?
1
Let m(f) = 265*f**2 - 1. Let k be m(-1). What is the highest common divisor of 24 and k?
24
Suppose 0 = r - 2*r. Suppose 2*h + 2*h + 4 = r, 30 = 5*w - 5*h. Let q(i) = i**2 - 5*i + 6. Let o be q(w). Calculate the highest common divisor of 24 and o.
6
Suppose -c + 10 = -0*c. Let s(g) = -g**3 + 10*g**2 + 2*g - 7. Let j be s(c). What is the highest common factor of 39 and j?
13
Let i be (-7)/(-3) - 4/(-6). Let r(l) = l**3 + 4*l - 4. Let p be r(i). Let w = -4 - -9. Calculate the greatest common divisor of w and p.
5
Suppose -32 = -5*o + 53. Let y(z) = z**2 + 1. Let q be y(-1). Suppose 0 = -q*g - 4*p + 5*p + 33, 2 = 2*p. Calculate the greatest common divisor of o and g.
17
Suppose -70 = -0*n - 7*n. What is the greatest common divisor of n and 80?
10
Suppose -133*y + 139*y - 162 = 0. What is the greatest common factor of 3 and y?
3
Suppose 2*b - 2 = -0, 1 = 4*g - 3*b. Let s(a) = a - 5. Let t be s(7). What is the highest common factor of t and g?
1
Let n be 12/(-10)*(-40)/12. Calculate the highest common factor of 32 and n.
4
Suppose 4*m + 9 = -k + 8*m, -3*m = -5*k + 6. Suppose -3*n + 66 = 2*g, 2*n - 39 = n + 5*g. Let d = n + 3. Calculate the highest common divisor of d and k.
3
Let z = -21 - -38. Let w = 87 - 2. What is the highest common divisor of w and z?
17
Suppose v + 2*v = -3*r + 48, 0 = 5*r - 2*v - 80. Let f = -75 + 128. Let x = f + -5. Calculate the greatest common factor of x and r.
16
Suppose -4*p - p + 55 = 0. Suppose 0 = 2*t - 5*h + 1, 0*t - 2*t = -h - p. Suppose -4*l = -t*l + 3. Calculate the greatest common factor of 9 and l.
1
Suppose 0 = -0*n - 3*n + 72. Let r = -1 - -1. Suppose r = 2*b - 3 - 21. Calculate the highest common factor of n and b.
12
Let s be 5/(4/(-48)*-3). What is the greatest common divisor of s and 50?
10
Suppose 5*c = 5*r + 210, -2*c + 5*c = r + 120. What is the greatest common factor of 13 and c?
13
Suppose -6*h = -2*n - 2*h + 28, -h = 3*n - 42. What is the highest common factor of 21 and n?
7
Suppose f - 10 - 3 = -3*z, 0 = z - 5*f + 17. Suppose -z*j + 100 = -44. Calculate the highest common divisor of j and 6.
6
Let l(n) = -2*n**2 - 19*n - 17. Let w be l(-7). Calculate the greatest common divisor of w and 36.
18
Suppose -4*g - 5*t + 2*t + 192 = 0, -5*g - 2*t + 240 = 0. Suppose 0 = 5*d + 3*i - 63, d - 2*i - 8 = 2*i. Calculate the highest common factor of g and d.
12
Let i(d) = d**2 + 8*d - 8. Let x be i(-7). Let w be x/(-2)*24/15. Suppose -4*c + 2*c = 4*j - 18, -9 = -j - 2*c. What is the highest common factor of j and w?
3
Suppose r - 2*r - 5*m = 0, r - 4*m = 27. Suppose -2*a + 3*s + 14 = 0, -6*s + 4*s = -5*a + 46. What is the greatest common factor of r and a?
5
Let r be (-34)/(-4) - 6/(-4). Calculate the highest common factor of r and 10.
10
Suppose q - 5*c + 10*c - 345 = 0, -3*q - 2*c = -1048. What is the greatest common divisor of q and 50?
50
Let l be (-12)/6*(-5 + 1). Suppose l = -5*s + s, 9 = o - s. What is the highest common factor of o and 28?
7
Let h be (-4*14/12)/(3/(-9)). Let k(q) = q**2 - 2*q - 1. Let d be k(-2). What is the greatest common divisor of h and d?
7
Let n = 29 + -12. Calculate the highest common factor of n and 17.
17
Let g(w) = -3*w + 1. Let i be g(-3). Let u = 71 + -41. Calculate the highest common factor of i and u.
10
Let g be ((-44)/6 + -2)*-9. Let o be 17/4*(2 + 2). Suppose -4*x = p + x - o, -4*p - x = -49. Calculate the highest common factor of p and g.
12
Suppose -3*d - p = -3*p - 1, -1 = 5*d - 2*p. Let o be 2 - (109*d - 1). Calculate the highest common divisor of 14 and o.
14
Let f(g) = 5*g**3 - 2*g**2 + 2*g - 1. Let z be f(1). Suppose -4*m = 12, -l + z = 2*m - 6. 